{"id":3134,"date":"2019-09-26T12:10:44","date_gmt":"2019-09-26T12:10:44","guid":{"rendered":"http:\/\/w4.themedemo.co\/wiso\/?page_id=3134"},"modified":"2022-01-05T11:10:34","modified_gmt":"2022-01-05T11:10:34","slug":"main-home","status":"publish","type":"page","link":"https:\/\/fototadla.pl\/","title":{"rendered":"Main Home"},"content":{"rendered":"<p>[vc_row full_width=&#8221;stretch_row_content_no_spaces&#8221; desctop_mt=&#8221;margin-lg-10t&#8221; desctop_mb=&#8221;margin-lg-90b&#8221; tablets_mt=&#8221;margin-sm-0t&#8221; tablets_mb=&#8221;margin-sm-70b&#8221; mobile_mb=&#8221;margin-xs-50b&#8221;][vc_column][banner_slider type_slider=&#8221;andra&#8221; autoplay=&#8221;5&#8243; speed=&#8221;1500&#8243;][banner_slider_items option_style=&#8221;andra&#8221; image=&#8221;9556&#8243;][banner_slider_items option_style=&#8221;andra&#8221; image=&#8221;9555&#8243;][banner_slider_items option_style=&#8221;andra&#8221; image=&#8221;6449&#8243;][banner_slider_items option_style=&#8221;andra&#8221; image=&#8221;6438&#8243;][banner_slider_items option_style=&#8221;andra&#8221; image=&#8221;6186&#8243;][banner_slider_items option_style=&#8221;andra&#8221; image=&#8221;6380&#8243;][banner_slider_items option_style=&#8221;andra&#8221; image=&#8221;6376&#8243;][banner_slider_items option_style=&#8221;andra&#8221; image=&#8221;6350&#8243;][\/banner_slider][\/vc_column][\/vc_row][vc_row desctop_mt=&#8221;margin-lg-0t&#8221; desctop_mb=&#8221;margin-lg-105b&#8221; desctop_md_mt=&#8221;margin-md-0t&#8221; desctop_md_mb=&#8221;margin-md-80b&#8221; tablets_mt=&#8221;margin-sm-0t&#8221; tablets_mb=&#8221;margin-sm-70b&#8221; mobile_mt=&#8221;margin-xs-0t&#8221; mobile_mb=&#8221;margin-xs-40b&#8221; desctop_lg_pt=&#8221;padding-lg-5t&#8221; css=&#8221;.vc_custom_1569700269949{margin-top: -100px !important;}&#8221;][vc_column css_animation=&#8221;fadeIn&#8221; desctop_mt=&#8221;margin-lg-0t&#8221; desctop_md_mt=&#8221;margin-md-0t&#8221; tablets_mt=&#8221;margin-sm-0t&#8221; mobile_mt=&#8221;margin-xs-0t&#8221; css=&#8221;.vc_custom_1569700299843{margin-top: -100px !important;}&#8221;][wiso_headings style=&#8221;text_link&#8221; title=&#8221;FOTO TADLA&#8221; subtitle=&#8221;Mi\u0144sk Mazowiecki,<br \/>\nul. Miodowa 4<br \/>\n(wej\u015bcie od ul. Siennickiej)&#8221; animation_fade=&#8221;true&#8221; button=&#8221;url:http%3A%2F%2Ffototadla.pl%2Findex.php%2Fcontact-us%2F|title:Zapraszamy%20do%20kontaktu||&#8221;][\/vc_column][\/vc_row][vc_row full_width=&#8221;stretch_row_content_no_spaces&#8221; css=&#8221;.vc_custom_1569799608930{margin-top: -100px !important;background-color: #ffffff !important;}&#8221;][vc_column desctop_mt=&#8221;margin-lg-0t&#8221; desctop_mb=&#8221;margin-lg-10b&#8221; tablets_mt=&#8221;margin-sm-5t&#8221; tablets_mb=&#8221;margin-sm-30b&#8221; mobile_mt=&#8221;margin-xs-5t&#8221; mobile_mb=&#8221;margin-xs-10b&#8221;][wiso_headings style=&#8221;text_link&#8221; title=&#8221;FOTOGRAF&#8221; subtitle=&#8221;Fotografujemy dla klient\u00f3w indywidualnych, firm i instytucji.<\/p>\n<p>Pracujemy w studio, w plenerze oraz na \u017cyczenie w ka\u017cdej innej lokalizacji.&#8221; image=&#8221;3239&#8243;][\/vc_column][\/vc_row][vc_row full_width=&#8221;stretch_row&#8221; css=&#8221;.vc_custom_1569538653469{background-color: #ffffff !important;}&#8221;][vc_column desctop_mb=&#8221;margin-lg-115b&#8221; tablets_mb=&#8221;margin-sm-95b&#8221; mobile_mb=&#8221;margin-xs-55b&#8221;][wiso_pages_gallery pages=&#8221;%5B%7B%22image%22%3A%229473%22%2C%22button%22%3A%22url%3Ahttp%253A%252F%252Ffototadla.pl%252Findex.php%252Fkomunia%252F%7Ctitle%3AKomunia%7C%7C%22%7D%2C%7B%22image%22%3A%226227%22%2C%22button%22%3A%22url%3Ahttp%253A%252F%252Ffototadla.pl%252Findex.php%252Fsluby%252F%7Ctitle%3A%25C5%259Aluby%7C%7C%22%7D%2C%7B%22image%22%3A%226337%22%2C%22button%22%3A%22url%3Ahttp%253A%252F%252Ffototadla.pl%252Findex.php%252Fchrzest%252F%7Ctitle%3AChrzest%7C%7C%22%7D%2C%7B%22image%22%3A%226216%22%2C%22button%22%3A%22url%3Ahttp%253A%252F%252Ffototadla.pl%252Findex.php%252Fportret%252F%7Ctitle%3APortret%7C%7C%22%7D%5D&#8221;][\/vc_column][\/vc_row]<\/p>\n","protected":false},"excerpt":{"rendered":"<p>[vc_row full_width=&#8221;stretch_row_content_no_spaces&#8221; desctop_mt=&#8221;margin-lg-10t&#8221; desctop_mb=&#8221;margin-lg-90b&#8221; tablets_mt=&#8221;margin-sm-0t&#8221; tablets_mb=&#8221;margin-sm-70b&#8221; mobile_mb=&#8221;margin-xs-50b&#8221;][vc_column][banner_slider type_slider=&#8221;andra&#8221; autoplay=&#8221;5&#8243; speed=&#8221;1500&#8243;][banner_slider_items option_style=&#8221;andra&#8221; image=&#8221;9556&#8243;][banner_slider_items option_style=&#8221;andra&#8221; image=&#8221;9555&#8243;][banner_slider_items option_style=&#8221;andra&#8221; image=&#8221;6449&#8243;][banner_slider_items option_style=&#8221;andra&#8221; image=&#8221;6438&#8243;][banner_slider_items option_style=&#8221;andra&#8221; image=&#8221;6186&#8243;][banner_slider_items option_style=&#8221;andra&#8221; image=&#8221;6380&#8243;][banner_slider_items option_style=&#8221;andra&#8221; image=&#8221;6376&#8243;][banner_slider_items option_style=&#8221;andra&#8221; image=&#8221;6350&#8243;][\/banner_slider][\/vc_column][\/vc_row][vc_row desctop_mt=&#8221;margin-lg-0t&#8221; desctop_mb=&#8221;margin-lg-105b&#8221; desctop_md_mt=&#8221;margin-md-0t&#8221; desctop_md_mb=&#8221;margin-md-80b&#8221; tablets_mt=&#8221;margin-sm-0t&#8221; tablets_mb=&#8221;margin-sm-70b&#8221; mobile_mt=&#8221;margin-xs-0t&#8221; mobile_mb=&#8221;margin-xs-40b&#8221; desctop_lg_pt=&#8221;padding-lg-5t&#8221; css=&#8221;.vc_custom_1569700269949{margin-top: -100px !important;}&#8221;][vc_column css_animation=&#8221;fadeIn&#8221; desctop_mt=&#8221;margin-lg-0t&#8221; desctop_md_mt=&#8221;margin-md-0t&#8221; tablets_mt=&#8221;margin-sm-0t&#8221; mobile_mt=&#8221;margin-xs-0t&#8221; css=&#8221;.vc_custom_1569700299843{margin-top: -100px !important;}&#8221;][wiso_headings style=&#8221;text_link&#8221; title=&#8221;FOTO TADLA&#8221; subtitle=&#8221;Mi\u0144sk Mazowiecki, ul. Miodowa 4 (wej\u015bcie &#8230;<\/p>\n","protected":false},"author":1,"featured_media":0,"parent":0,"menu_order":0,"comment_status":"closed","ping_status":"closed","template":"","meta":[],"yoast_head":"<!-- This site is optimized with the Yoast SEO plugin v17.7.1 - https:\/\/yoast.com\/wordpress\/plugins\/seo\/ -->\n<title>fotograf \u015blubny zdj\u0119cia rodzinne, dzieci, chrzest zdj\u0119cia, sesja ci\u0105\u017cowa<\/title>\n<meta name=\"description\" content=\"Fototadla Fotografia - Mi\u0144sk Mazowiecki - fotograf - sesje zdj\u0119ciowe, fotografia \u015blubna, zdj\u0119cia studyjne, chrzest, komunia\" \/>\n<meta name=\"robots\" content=\"index, follow, max-snippet:-1, max-image-preview:large, max-video-preview:-1\" \/>\n<link rel=\"canonical\" href=\"https:\/\/fototadla.pl\/\" \/>\n<meta property=\"og:locale\" content=\"pl_PL\" \/>\n<meta property=\"og:type\" content=\"article\" \/>\n<meta property=\"og:title\" content=\"fotograf \u015blubny zdj\u0119cia rodzinne, dzieci, chrzest zdj\u0119cia, sesja ci\u0105\u017cowa\" \/>\n<meta property=\"og:description\" content=\"Fototadla Fotografia - Mi\u0144sk Mazowiecki - fotograf - sesje zdj\u0119ciowe, fotografia \u015blubna, zdj\u0119cia studyjne, chrzest, komunia\" \/>\n<meta property=\"og:url\" content=\"https:\/\/fototadla.pl\/\" \/>\n<meta property=\"og:site_name\" content=\"FotoTadla\" \/>\n<meta property=\"article:modified_time\" content=\"2022-01-05T11:10:34+00:00\" \/>\n<meta name=\"twitter:card\" content=\"summary_large_image\" \/>\n<meta name=\"twitter:label1\" content=\"Szacowany czas czytania\" \/>\n\t<meta name=\"twitter:data1\" content=\"2 minuty\" \/>\n<script type=\"application\/ld+json\" class=\"yoast-schema-graph\">{\"@context\":\"https:\/\/schema.org\",\"@graph\":[{\"@type\":\"WebSite\",\"@id\":\"https:\/\/fototadla.pl\/#website\",\"url\":\"https:\/\/fototadla.pl\/\",\"name\":\"FotoTadla\",\"description\":\"Fotograf Mi\\u0144sk Mazowiecki\",\"potentialAction\":[{\"@type\":\"SearchAction\",\"target\":{\"@type\":\"EntryPoint\",\"urlTemplate\":\"https:\/\/fototadla.pl\/?s={search_term_string}\"},\"query-input\":\"required name=search_term_string\"}],\"inLanguage\":\"pl-PL\"},{\"@type\":\"WebPage\",\"@id\":\"https:\/\/fototadla.pl\/#webpage\",\"url\":\"https:\/\/fototadla.pl\/\",\"name\":\"fotograf \\u015blubny zdj\\u0119cia rodzinne, dzieci, chrzest zdj\\u0119cia, sesja ci\\u0105\\u017cowa\",\"isPartOf\":{\"@id\":\"https:\/\/fototadla.pl\/#website\"},\"datePublished\":\"2019-09-26T12:10:44+00:00\",\"dateModified\":\"2022-01-05T11:10:34+00:00\",\"description\":\"Fototadla Fotografia - Mi\\u0144sk Mazowiecki - fotograf - sesje zdj\\u0119ciowe, fotografia \\u015blubna, zdj\\u0119cia studyjne, chrzest, komunia\",\"breadcrumb\":{\"@id\":\"https:\/\/fototadla.pl\/#breadcrumb\"},\"inLanguage\":\"pl-PL\",\"potentialAction\":[{\"@type\":\"ReadAction\",\"target\":[\"https:\/\/fototadla.pl\/\"]}]},{\"@type\":\"BreadcrumbList\",\"@id\":\"https:\/\/fototadla.pl\/#breadcrumb\",\"itemListElement\":[{\"@type\":\"ListItem\",\"position\":1,\"name\":\"Strona g\\u0142\\u00f3wna\",\"item\":\"https:\/\/fototadla.pl\/\"},{\"@type\":\"ListItem\",\"position\":2,\"name\":\"Main Home\"}]}]}<\/script>\n<!-- \/ Yoast SEO plugin. -->","yoast_head_json":{"title":"fotograf \u015blubny zdj\u0119cia rodzinne, dzieci, chrzest zdj\u0119cia, sesja ci\u0105\u017cowa","description":"Fototadla Fotografia - Mi\u0144sk Mazowiecki - fotograf - sesje zdj\u0119ciowe, fotografia \u015blubna, zdj\u0119cia studyjne, chrzest, komunia","robots":{"index":"index","follow":"follow","max-snippet":"max-snippet:-1","max-image-preview":"max-image-preview:large","max-video-preview":"max-video-preview:-1"},"canonical":"https:\/\/fototadla.pl\/","og_locale":"pl_PL","og_type":"article","og_title":"fotograf \u015blubny zdj\u0119cia rodzinne, dzieci, chrzest zdj\u0119cia, sesja ci\u0105\u017cowa","og_description":"Fototadla Fotografia - Mi\u0144sk Mazowiecki - fotograf - sesje zdj\u0119ciowe, fotografia \u015blubna, zdj\u0119cia studyjne, chrzest, komunia","og_url":"https:\/\/fototadla.pl\/","og_site_name":"FotoTadla","article_modified_time":"2022-01-05T11:10:34+00:00","twitter_card":"summary_large_image","twitter_misc":{"Szacowany czas czytania":"2 minuty"},"schema":{"@context":"https:\/\/schema.org","@graph":[{"@type":"WebSite","@id":"https:\/\/fototadla.pl\/#website","url":"https:\/\/fototadla.pl\/","name":"FotoTadla","description":"Fotograf Mi\u0144sk Mazowiecki","potentialAction":[{"@type":"SearchAction","target":{"@type":"EntryPoint","urlTemplate":"https:\/\/fototadla.pl\/?s={search_term_string}"},"query-input":"required name=search_term_string"}],"inLanguage":"pl-PL"},{"@type":"WebPage","@id":"https:\/\/fototadla.pl\/#webpage","url":"https:\/\/fototadla.pl\/","name":"fotograf \u015blubny zdj\u0119cia rodzinne, dzieci, chrzest zdj\u0119cia, sesja ci\u0105\u017cowa","isPartOf":{"@id":"https:\/\/fototadla.pl\/#website"},"datePublished":"2019-09-26T12:10:44+00:00","dateModified":"2022-01-05T11:10:34+00:00","description":"Fototadla Fotografia - Mi\u0144sk Mazowiecki - fotograf - sesje zdj\u0119ciowe, fotografia \u015blubna, zdj\u0119cia studyjne, chrzest, komunia","breadcrumb":{"@id":"https:\/\/fototadla.pl\/#breadcrumb"},"inLanguage":"pl-PL","potentialAction":[{"@type":"ReadAction","target":["https:\/\/fototadla.pl\/"]}]},{"@type":"BreadcrumbList","@id":"https:\/\/fototadla.pl\/#breadcrumb","itemListElement":[{"@type":"ListItem","position":1,"name":"Strona g\u0142\u00f3wna","item":"https:\/\/fototadla.pl\/"},{"@type":"ListItem","position":2,"name":"Main Home"}]}]}},"featured_image_src":null,"featured_image_src_square":null,"_links":{"self":[{"href":"https:\/\/fototadla.pl\/index.php\/wp-json\/wp\/v2\/pages\/3134"}],"collection":[{"href":"https:\/\/fototadla.pl\/index.php\/wp-json\/wp\/v2\/pages"}],"about":[{"href":"https:\/\/fototadla.pl\/index.php\/wp-json\/wp\/v2\/types\/page"}],"author":[{"embeddable":true,"href":"https:\/\/fototadla.pl\/index.php\/wp-json\/wp\/v2\/users\/1"}],"replies":[{"embeddable":true,"href":"https:\/\/fototadla.pl\/index.php\/wp-json\/wp\/v2\/comments?post=3134"}],"version-history":[{"count":54,"href":"https:\/\/fototadla.pl\/index.php\/wp-json\/wp\/v2\/pages\/3134\/revisions"}],"predecessor-version":[{"id":9806,"href":"https:\/\/fototadla.pl\/index.php\/wp-json\/wp\/v2\/pages\/3134\/revisions\/9806"}],"wp:attachment":[{"href":"https:\/\/fototadla.pl\/index.php\/wp-json\/wp\/v2\/media?parent=3134"}],"curies":[{"name":"wp","href":"https:\/\/api.w.org\/{rel}","templated":true}]}}

<p>[vc_row full_width=&#8221;stretch_row_content_no_spaces&#8221; desctop_mt=&#8221;margin-lg-10t&#8221; desctop_mb=&#8221;margin-lg-90b&#8221; tablets_mt=&#8221;margin-sm-0t&#8221; tablets_mb=&#8221;margin-sm-70b&#8221; mobile_mb=&#8221;margin-xs-50b&#8221;][vc_column][banner_slider type_slider=&#8221;andra&#8221; autoplay=&#8221;5&#8243; speed=&#8221;1500&#8243;][banner_slider_items option_style=&#8221;andra&#8221; image=&#8221;9556&#8243;][banner_slider_items option_style=&#8221;andra&#8221; image=&#8221;9555&#8243;][banner_slider_items option_style=&#8221;andra&#8221; image=&#8221;6449&#8243;][banner_slider_items option_style=&#8221;andra&#8221; image=&#8221;6438&#8243;][banner_slider_items option_style=&#8221;andra&#8221; image=&#8221;6186&#8243;][banner_slider_items option_style=&#8221;andra&#8221; image=&#8221;6380&#8243;][banner_slider_items option_style=&#8221;andra&#8221; image=&#8221;6376&#8243;][banner_slider_items option_style=&#8221;andra&#8221; image=&#8221;6350&#8243;][/banner_slider][/vc_column][/vc_row][vc_row desctop_mt=&#8221;margin-lg-0t&#8221; desctop_mb=&#8221;margin-lg-105b&#8221; desctop_md_mt=&#8221;margin-md-0t&#8221; desctop_md_mb=&#8221;margin-md-80b&#8221; tablets_mt=&#8221;margin-sm-0t&#8221; tablets_mb=&#8221;margin-sm-70b&#8221; mobile_mt=&#8221;margin-xs-0t&#8221; mobile_mb=&#8221;margin-xs-40b&#8221; desctop_lg_pt=&#8221;padding-lg-5t&#8221; css=&#8221;.vc_custom_1569700269949{margin-top: -100px !important;}&#8221;][vc_column css_animation=&#8221;fadeIn&#8221; desctop_mt=&#8221;margin-lg-0t&#8221; desctop_md_mt=&#8221;margin-md-0t&#8221; tablets_mt=&#8221;margin-sm-0t&#8221; mobile_mt=&#8221;margin-xs-0t&#8221; css=&#8221;.vc_custom_1569700299843{margin-top: -100px !important;}&#8221;][wiso_headings style=&#8221;text_link&#8221; title=&#8221;FOTO TADLA&#8221; subtitle=&#8221;Mińsk Mazowiecki,<br />
ul. Miodowa 4<br />
(wejście od ul. Siennickiej)&#8221; animation_fade=&#8221;true&#8221; button=&#8221;url:http%3A%2F%2Ffototadla.pl%2Findex.php%2Fcontact-us%2F|title:Zapraszamy%20do%20kontaktu||&#8221;][/vc_column][/vc_row][vc_row full_width=&#8221;stretch_row_content_no_spaces&#8221; css=&#8221;.vc_custom_1569799608930{margin-top: -100px !important;background-color: #ffffff !important;}&#8221;][vc_column desctop_mt=&#8221;margin-lg-0t&#8221; desctop_mb=&#8221;margin-lg-10b&#8221; tablets_mt=&#8221;margin-sm-5t&#8221; tablets_mb=&#8221;margin-sm-30b&#8221; mobile_mt=&#8221;margin-xs-5t&#8221; mobile_mb=&#8221;margin-xs-10b&#8221;][wiso_headings style=&#8221;text_link&#8221; title=&#8221;FOTOGRAF&#8221; subtitle=&#8221;Fotografujemy dla klientów indywidualnych, firm i instytucji.</p>
<p>Pracujemy w studio, w plenerze oraz na życzenie w każdej innej lokalizacji.&#8221; image=&#8221;3239&#8243;][/vc_column][/vc_row][vc_row full_width=&#8221;stretch_row&#8221; css=&#8221;.vc_custom_1569538653469{background-color: #ffffff !important;}&#8221;][vc_column desctop_mb=&#8221;margin-lg-115b&#8221; tablets_mb=&#8221;margin-sm-95b&#8221; mobile_mb=&#8221;margin-xs-55b&#8221;][wiso_pages_gallery pages=&#8221;%5B%7B%22image%22%3A%229473%22%2C%22button%22%3A%22url%3Ahttp%253A%252F%252Ffototadla.pl%252Findex.php%252Fkomunia%252F%7Ctitle%3AKomunia%7C%7C%22%7D%2C%7B%22image%22%3A%226227%22%2C%22button%22%3A%22url%3Ahttp%253A%252F%252Ffototadla.pl%252Findex.php%252Fsluby%252F%7Ctitle%3A%25C5%259Aluby%7C%7C%22%7D%2C%7B%22image%22%3A%226337%22%2C%22button%22%3A%22url%3Ahttp%253A%252F%252Ffototadla.pl%252Findex.php%252Fchrzest%252F%7Ctitle%3AChrzest%7C%7C%22%7D%2C%7B%22image%22%3A%226216%22%2C%22button%22%3A%22url%3Ahttp%253A%252F%252Ffototadla.pl%252Findex.php%252Fportret%252F%7Ctitle%3APortret%7C%7C%22%7D%5D&#8221;][/vc_column][/vc_row]</p>

<p>[vc_row full_width=&#8221;stretch_row_content_no_spaces&#8221; desctop_mt=&#8221;margin-lg-10t&#8221; desctop_mb=&#8221;margin-lg-90b&#8221; tablets_mt=&#8221;margin-sm-0t&#8221; tablets_mb=&#8221;margin-sm-70b&#8221; mobile_mb=&#8221;margin-xs-50b&#8221;][vc_column][banner_slider type_slider=&#8221;andra&#8221; autoplay=&#8221;5&#8243; speed=&#8221;1500&#8243;][banner_slider_items option_style=&#8221;andra&#8221; image=&#8221;9556&#8243;][banner_slider_items option_style=&#8221;andra&#8221; image=&#8221;9555&#8243;][banner_slider_items option_style=&#8221;andra&#8221; image=&#8221;6449&#8243;][banner_slider_items option_style=&#8221;andra&#8221; image=&#8221;6438&#8243;][banner_slider_items option_style=&#8221;andra&#8221; image=&#8221;6186&#8243;][banner_slider_items option_style=&#8221;andra&#8221; image=&#8221;6380&#8243;][banner_slider_items option_style=&#8221;andra&#8221; image=&#8221;6376&#8243;][banner_slider_items option_style=&#8221;andra&#8221; image=&#8221;6350&#8243;][/banner_slider][/vc_column][/vc_row][vc_row desctop_mt=&#8221;margin-lg-0t&#8221; desctop_mb=&#8221;margin-lg-105b&#8221; desctop_md_mt=&#8221;margin-md-0t&#8221; desctop_md_mb=&#8221;margin-md-80b&#8221; tablets_mt=&#8221;margin-sm-0t&#8221; tablets_mb=&#8221;margin-sm-70b&#8221; mobile_mt=&#8221;margin-xs-0t&#8221; mobile_mb=&#8221;margin-xs-40b&#8221; desctop_lg_pt=&#8221;padding-lg-5t&#8221; css=&#8221;.vc_custom_1569700269949{margin-top: -100px !important;}&#8221;][vc_column css_animation=&#8221;fadeIn&#8221; desctop_mt=&#8221;margin-lg-0t&#8221; desctop_md_mt=&#8221;margin-md-0t&#8221; tablets_mt=&#8221;margin-sm-0t&#8221; mobile_mt=&#8221;margin-xs-0t&#8221; css=&#8221;.vc_custom_1569700299843{margin-top: -100px !important;}&#8221;][wiso_headings style=&#8221;text_link&#8221; title=&#8221;FOTO TADLA&#8221; subtitle=&#8221;Mińsk Mazowiecki, ul. Miodowa 4 (wejście &#8230;</p>

<!-- This site is optimized with the Yoast SEO plugin v17.7.1 - https://yoast.com/wordpress/plugins/seo/ -->
<title>fotograf ślubny zdjęcia rodzinne, dzieci, chrzest zdjęcia, sesja ciążowa</title>
<meta name="description" content="Fototadla Fotografia - Mińsk Mazowiecki - fotograf - sesje zdjęciowe, fotografia ślubna, zdjęcia studyjne, chrzest, komunia" />
<meta name="robots" content="index, follow, max-snippet:-1, max-image-preview:large, max-video-preview:-1" />
<link rel="canonical" href="https://fototadla.pl/" />
<meta property="og:locale" content="pl_PL" />
<meta property="og:type" content="article" />
<meta property="og:title" content="fotograf ślubny zdjęcia rodzinne, dzieci, chrzest zdjęcia, sesja ciążowa" />
<meta property="og:description" content="Fototadla Fotografia - Mińsk Mazowiecki - fotograf - sesje zdjęciowe, fotografia ślubna, zdjęcia studyjne, chrzest, komunia" />
<meta property="og:url" content="https://fototadla.pl/" />
<meta property="og:site_name" content="FotoTadla" />
<meta property="article:modified_time" content="2022-01-05T11:10:34+00:00" />
<meta name="twitter:card" content="summary_large_image" />
<meta name="twitter:label1" content="Szacowany czas czytania" />
	<meta name="twitter:data1" content="2 minuty" />
<script type="application/ld+json" class="yoast-schema-graph">{"@context":"https://schema.org","@graph":[{"@type":"WebSite","@id":"https://fototadla.pl/#website","url":"https://fototadla.pl/","name":"FotoTadla","description":"Fotograf Mi\u0144sk Mazowiecki","potentialAction":[{"@type":"SearchAction","target":{"@type":"EntryPoint","urlTemplate":"https://fototadla.pl/?s={search_term_string}"},"query-input":"required name=search_term_string"}],"inLanguage":"pl-PL"},{"@type":"WebPage","@id":"https://fototadla.pl/#webpage","url":"https://fototadla.pl/","name":"fotograf \u015blubny zdj\u0119cia rodzinne, dzieci, chrzest zdj\u0119cia, sesja ci\u0105\u017cowa","isPartOf":{"@id":"https://fototadla.pl/#website"},"datePublished":"2019-09-26T12:10:44+00:00","dateModified":"2022-01-05T11:10:34+00:00","description":"Fototadla Fotografia - Mi\u0144sk Mazowiecki - fotograf - sesje zdj\u0119ciowe, fotografia \u015blubna, zdj\u0119cia studyjne, chrzest, komunia","breadcrumb":{"@id":"https://fototadla.pl/#breadcrumb"},"inLanguage":"pl-PL","potentialAction":[{"@type":"ReadAction","target":["https://fototadla.pl/"]}]},{"@type":"BreadcrumbList","@id":"https://fototadla.pl/#breadcrumb","itemListElement":[{"@type":"ListItem","position":1,"name":"Strona g\u0142\u00f3wna","item":"https://fototadla.pl/"},{"@type":"ListItem","position":2,"name":"Main Home"}]}]}</script>
<!-- / Yoast SEO plugin. -->

fotograf ślubny zdjęcia rodzinne, dzieci, chrzest zdjęcia, sesja ciążowa

Fototadla Fotografia - Mińsk Mazowiecki - fotograf - sesje zdjęciowe, fotografia ślubna, zdjęcia studyjne, chrzest, komunia

Fotograf Mińsk Mazowiecki

Strona główna
